*3/6 + 2*l**2 + 89*l. Determine j(-2).
2
Let h(s) = s**3 - 3*s**2 - 81*s - 84. Let j be h(11). Let k(q) = q**3 + 3*q**2 + 5*q - 1 + 5*q**2 + q. Determine k(j).
6
Let o(j) = -j**2 + 6*j + 10. Let b be o(7). Let u(x) = -8 + 4*x + 6*x + 8*x - 20*x. Let h(y) = -y - 1. Let g(c) = 4*h(c) - u(c). What is g(b)?
-2
Let g(f) = f - 1. Let o = 26 + -25. Let j = o - 1. Determine g(j).
-1
Let c(z) = 10*z**2 - 568*z - 110. Let y be c(57). Let u(q) be the first derivative of 2*q**3/3 - 2*q**2 - 4*q - 1. Calculate u(y).
12
Let l(z) be the second derivative of z**5/20 + z**4 - z**3/6 - 3*z**2 + 79*z + 2. Determine l(-12).
6
Let f(l) be the first derivative of l**5/60 + l**4/12 + l**3/2 - 7*l**2/2 - 10. Let y(d) be the second derivative of f(d). Determine y(-4).
11
Suppose -5*j = h + 1, -h + 0*j - 7 = -j. Let x(p) = p**2 + 5*p + 5. Determine x(h).
11
Let n be 24/(-10) - 4/(-10). Let h(z) = -9*z**2 - 9*z + 7. Let w(b) = -2*b**2 - 2*b + 1. Let c(x) = 2*h(x) - 11*w(x). What is c(n)?
11
Let z = 80 + -52. Let v = -18 + z. Let h(p) = 1 - 6*p + v*p - 1. What is h(-2)?
-8
Let l(j) = 12*j**2 - j. Suppose -4*u - 6 + 4 = -c, u = -5*c - 11. Determine l(u).
13
Let i(l) = -27 + 490*l - 489*l + 11. Calculate i(7).
-9
Let z = 26 - 22. Let g(y) = 0 + 4 - z*y - 2 - 2*y + y**2. Suppose -4*q + 4*r = 4, r - 5*r + 28 = 4*q. Give g(q).
-7
Let c(x) = x + 3. Let f(r) = r**2 - 22*r + 24. Let d be f(21). Suppose 3*s + 3*q + d = -0*s, 5*s - q - 25 = 0. Give c(s).
7
Let d(m) = -26*m + 4. Let u(z) = 8*z - 1. Let g(n) = 3*d(n) + 10*u(n). What is g(-4)?
-6
Let p(r) be the third derivative of r**5/20 + 11*r**4/8 - 5*r**3/6 - 33*r**2. Determine p(-11).
-5
Let v(i) = i + 1. Let a be v(-3). Let n(q) = q**2 + 8*q - 2. Let r be n(-13). Let o(t) = -3*t**2 - r*t - t**3 + 31*t + 29*t - 2. Give o(a).
0
Let y(d) = -d - 1. Let w(k) = 4*k - 4*k**2 - 8*k + 3*k**2 - 3. Suppose 114*t - 12 = 118*t. Let u be w(t). Calculate y(u).
-1
Let c(o) = -o**2 + 6*o + 14. Let t(p) = -10*p + 198. Let v be t(19). Calculate c(v).
-2
Let p(o) = o**3 + 2*o**2 + o. Suppose -4*i - 20 = x - 6*x, 0 = -5*i + 5*x - 20. Determine p(i).
0
Let n(z) = -z**2 + 38. Let t(h) = h**2 - 17. Let s(v) = 4*n(v) + 9*t(v). What is s(-2)?
19
Let b(u) = u**2 + u**2 - 8*u**2 - u**3 - 2*u. Let k(h) = -2*h + 49. Let m be k(22). Suppose m*r + 39 - 9 = 0. What is b(r)?
12
Let q(c) = c + 19. Let l = 522 + -532. Determine q(l).
9
Let w(t) = -5*t + 3. Let y(b) = b**3 + 5*b**2 + b - 4. Let i be y(-4). Suppose 2*u = -2*u + i. Suppose 0 = 5*d - u*a - 10, a = -2*d + 4*a + 4. Calculate w(d).
-7
Suppose -p = -7*p - 54. Let c = p + 16. Let j(n) = 4 - 9*n**3 - c*n**3 + 15*n**3 + 5*n**2 - 7*n. What is j(4)?
-8
Let m(d) = -6*d + 7*d + 15 + 0 - 9. Give m(5).
11
Let h(x) = 4*x**2 - 2*x + 1. Suppose 4 = -2*q + 6. Let v be (0 + -2 + q)*-1. What is h(v)?
3
Let q be (-60)/(-28) - 4/28 - -25. Let b(v) = 4*v**2 + q*v - 3*v**2 - 1 - 24*v. What is b(-5)?
9
Let h(b) = -b**3 - 5*b**2 + b - 2. Let w(o) = 3*o**3 + 9*o**2 - 2*o + 3. Let n(z) = 5*h(z) + 2*w(z). What is n(7)?
3
Let o = -95 + 208. Let s = 108 - o. Let j(d) = d**3 + 5*d**2 + 3*d - 1. What is j(s)?
-16
Let a(d) be the second derivative of -d**3/3 + d**2/2 + 4*d. Suppose -5*s + 10 = 0, -3 + 1 = 5*l - s. Suppose l = -w + 18 - 12. What is a(w)?
-11
Let q = 96 - 100. Let k(p) = 0 + p**3 - 6*p - 1 - 2 + 2*p**2 + p**2. What is k(q)?
5
Let h = 103 + -98. Let n(c) = c**3 + h + 10*c**3 + c**2 - 10*c**3. Determine n(0).
5
Let d(q) be the first derivative of 5*q**3/3 + 27*q**2/2 - 8*q + 369. Calculate d(-6).
10
Let n(y) be the third derivative of 1/24*y**4 + 6*y**2 - 2/3*y**3 + 0 + 0*y. Let z be ((-2)/8)/(1/(-20)). What is n(z)?
1
Suppose -w = 3*w - 4*v + 4, -v = -3*w - 1. Let x(l) be the first derivative of 4 - 2*l + 1/4*l**4 - 1/3*l**3 - 1/2*l**2. Give x(w).
-2
Let h(c) = 13*c + 50. Let q be h(-4). Let i(x) = 3*x - 2. Calculate i(q).
-8
Let p(x) be the second derivative of -x**4/12 + x**3/3 - 3*x**2 - 200*x. What is p(-4)?
-30
Let x(p) = -p - 15. Let g(y) = y + 13. Let l(b) = 3*g(b) + 2*x(b). Give l(-10).
-1
Let l(a) = -5*a - 7. Let z be l(-2). Let j(t) = -2*t**2 + 2*t**z + 3*t**2 + t**2 + 23*t**3 + t. What is j(-1)?
-24
Let t(a) = -2*a - 10. Let i be t(-6). Let v(b) = -b**i + 2 + 3 - 9 - b**3 + 7*b**2. Give v(6).
-4
Let x(d) = -d**3 + 10*d**2 + 2*d - 13. Let v = -27 - -9. Let o = -8 - v. What is x(o)?
7
Let d be (-1)/(-2) - (-15)/10. Suppose -2*s - 14 = -6, d*s + 35 = -3*b. Let l be (-42)/(-8) + b/36. Let u(v) = v + 3. Calculate u(l).
8
Let n(m) be the first derivative of 18 + 2*m + 7/2*m**2 - 1/4*m**4 + 5/3*m**3. Calculate n(6).
8
Let r be 3/(-15) + 9/(-5). Let k be r*(-3 - (-3 - 2)). Let l(j) be the third derivative of j**5/60 + j**4/24 - 2*j**3/3 - 4*j**2. Calculate l(k).
8
Let a(r) be the second derivative of -17*r - 2*r**2 + r**3 + 0 - 1/12*r**4. Determine a(3).
5
Let b(r) = -r**3 + 39*r**2 - 107*r - 48. Let n be b(36). Let g(z) = -z**2 - 13*z - 15. What is g(n)?
-3
Let z(h) be the second derivative of h**3/6 - 6*h**2 - h - 32. Calculate z(-8).
-20
Let x(q) = -q**3 - 8*q**2 - 7*q - 3. Let w = 951 - 958. Give x(w).
-3
Let b(s) = s**2 + 6*s - 9. Let x(h) = -h - 8. Let m be x(0). What is b(m)?
7
Let a be 2*(-3)/(-6) + -6. Suppose 4*x - m - 2 = -4*m, -m - 6 = -2*x. Let c(d) = -3*d**2 - 7 - 6*d + d**2 + d**x. What is c(a)?
-2
Let h(v) = -v**2 - v + 5. Let s = 240 - 244. Give h(s).
-7
Let r(d) = d**2 + 2. Let n be r(0). Let t(p) = 6*p**2 - 8*p + 36. Let a(x) = x - 7. Let c(j) = 5*a(j) + t(j). Calculate c(n).
19
Let f be 51/15 - (188/20 + -9). Let m(p) = -2*p - 6. Give m(f).
-12
Let l(y) = y**3 - 7*y**2 - y + 10. Suppose -17 = -4*b + 63. Let w be (-33)/(-6) + 2/4. Suppose 2*f + w = b. Determine l(f).
3
Let d be 2/((-32)/36)*48/9. Let w(l) = 2*l + 22. Calculate w(d).
-2
Let c(w) = -w + 22. Let j be 4 - -1 - (-14 + (15 - 6)). Determine c(j).
12
Let z be -5 + -1 + 11 - -4. Let w(v) = -v**3 + 9*v**2 - v + 5. Give w(z).
-4
Let w(q) = -2*q**3 - 2*q**2 + 2*q + 2. Let b(a) = -3*a**3 + 3*a**2 - 4. Let m be b(2). Let p be (-26)/(-4) + m/32. Let x = -4 + p. Calculate w(x).
-18
Let p(d) be the first derivative of -22 + d**2 + d + 1/3*d**3 - 9/4*d**4. What is p(-1)?
9
Let t(d) = 81*d**2 + 3*d. Let g be t(-1). Let a(r) = 3*r - g + 145 - 70. Calculate a(3).
6
Let q(h) = -h - 2. Suppose 5*v = -13*v - 18. Determine q(v).
-1
Let o(i) be the second derivative of 0*i**2 + 0*i**3 - 5/6*i**4 + 24*i + 0. What is o(1)?
-10
Suppose -53 = -4*x + 31. Let t(r) = -2 - r**2 + 22*r + x*r - 49*r - 1. What is t(-4)?
5
Let c(x) = -x - 12. Let u be 252/8*12/18. Suppose -20*f + 10 = -u*f. Calculate c(f).
-2
Suppose 8*j = 1743 - 1671. Let c(f) = -f**3 + 8*f**2 + 10*f - 6. Calculate c(j).
3
Let o(q) be the first derivative of q**2/2 - q + 21. Let c(l) = 2*l - 4. Let n(x) = c(x) - 3*o(x). What is n(-1)?
0
Let v(t) = -3*t**3 - 2*t**2 - 7*t - 3. Let o(p) = 2*p**3 + 3*p**2 + 6*p + 1. Let f(k) = 4*o(k) + 3*v(k). What is f(6)?
13
Let z(w) = 2*w**2 + 7*w + 5. Let j be 44/(-9)*-3*(-72)/16. Let o = 61 + j. Calculate z(o).
20
Let y(v) = -v**2 - 12*v - 33. Let m be y(-8). Let h(q) be the third derivative of 5*q**4/8 - q**3/6 + q**2. Calculate h(m).
-16
Let c(g) = g**2 + 3*g - 2. Let b = -275 + 271. Give c(b).
2
Let p(m) = -m**3 - 6*m**2 + m + 7. Let c = -55 - -58. Let t(u) = -u**3 + 7*u**2 - u + 7. Let q be t(7). Suppose q = -n - c - 3. Calculate p(n).
1
Let j(c) = -c + 19. Let m(b) = -b + 10. Let f(d) = -6*j(d) + 11*m(d). Let p be f(-2). Let i(u) = -u**2 + 7*u - 1. Give i(p).
5
Let h(m) = m**3 + m**2 - m + 10. Suppose 4*z - 9 = -n - 38, -5*n = -4*z - 47. Let j be 6/z - 30/(-40). Calculate h(j).
10
Let f(b) = -2*b - 3 + 2 - 8*b - 1. Let c be f(-1). Let j(z) = c*z + 7 - 4 - z. Give j(-2).
-11
Suppose 17*a - 25 - 26 = 0. Let y(t) be the second derivative of 4*t + t**2 + 0 + 0*t**a - 1/10*t**5 - 1/4*t**4. What is y(-2)?
6
Suppose 30 = 9*b - 6. Let a(x) = 2*x + 3 - 5*x - b*x**2 + 5*x**2. Give a(4).
7
Let y(n) = n**2 + 9*n + 2. Suppose 4*w = 4*l + 52, 5*l = 4*w - 35 - 25. Give y(l).
-6
Let i(u) = -u - 10. Suppose -4*d = -0*l - 2*l + 34, -2*l + 31 = -3*d. Suppose -3 = 3*q, 0*k - 3*k = -4*q + l. Determine i(k).
-5
Let a(f) = f**3 - 14*f**2 + 13*f - 6. Suppose 0 = -2*x + 2*l + 3*l + 31, 3*x - 35 = -4*l. What is a(x)?
-6
Let n(y) be the third derivative of -1/30*y**5 + 1/12*y**4 + 